hen 441 is divided by 4?
1
Calculate the remainder when 9298 is divided by 258.
10
What is the remainder when 376796 is divided by 18?
2
Calculate the remainder when 53349 is divided by 72.
69
Calculate the remainder when 163973 is divided by 155.
138
Calculate the remainder when 12520 is divided by 672.
424
Calculate the remainder when 7022 is divided by 114.
68
What is the remainder when 4060 is divided by 2025?
10
Calculate the remainder when 1603 is divided by 42.
7
Calculate the remainder when 394049 is divided by 370.
369
Calculate the remainder when 299726 is divided by 493.
475
What is the remainder when 578390 is divided by 196?
190
What is the remainder when 990989 is divided by 242?
241
What is the remainder when 11596 is divided by 37?
15
What is the remainder when 387187 is divided by 136?
131
What is the remainder when 1436 is divided by 22?
6
Calculate the remainder when 3671 is divided by 2937.
734
What is the remainder when 6399 is divided by 110?
19
What is the remainder when 142809 is divided by 30?
9
Calculate the remainder when 114857 is divided by 38283.
8
Calculate the remainder when 10970 is divided by 275.
245
What is the remainder when 15641 is divided by 81?
8
What is the remainder when 40237 is divided by 366?
343
Calculate the remainder when 2923 is divided by 1418.
87
Calculate the remainder when 49669 is divided by 12414.
13
What is the remainder when 404000 is divided by 393?
389
What is the remainder when 60472 is divided by 59?
56
Calculate the remainder when 68804 is divided by 60.
44
What is the remainder when 6508 is divided by 3250?
8
What is the remainder when 2287 is divided by 82?
73
Calculate the remainder when 10953008 is divided by 1790.
1788
What is the remainder when 56271 is divided by 11?
6
What is the remainder when 6217 is divided by 623?
610
Calculate the remainder when 31651 is divided by 15818.
15
What is the remainder when 676 is divided by 506?
170
What is the remainder when 13017 is divided by 42?
39
Calculate the remainder when 115226 is divided by 501.
497
What is the remainder when 4885 is divided by 1478?
451
What is the remainder when 4778 is divided by 4547?
231
Calculate the remainder when 11864 is divided by 86.
82
Calculate the remainder when 8651 is divided by 1987.
703
Calculate the remainder when 64851 is divided by 6.
3
Calculate the remainder when 40499 is divided by 75.
74
Calculate the remainder when 21911 is divided by 2713.
207
Calculate the remainder when 6232 is divided by 297.
292
Calculate the remainder when 86128 is divided by 12303.
7
What is the remainder when 360 is divided by 41?
32
What is the remainder when 26017 is divided by 25964?
53
Calculate the remainder when 2393 is divided by 12.
5
What is the remainder when 2575 is divided by 114?
67
What is the remainder when 56287 is divided by 557?
30
Calculate the remainder when 3558 is divided by 82.
32
What is the remainder when 16976 is divided by 75?
26
Calculate the remainder when 3150160 is divided by 35395.
5
Calculate the remainder when 5308 is divided by 292.
52
Calculate the remainder when 22590 is divided by 701.
158
What is the remainder when 19346 is divided by 59?
53
What is the remainder when 61814 is divided by 15428?
102
Calculate the remainder when 347800 is divided by 255.
235
What is the remainder when 25766 is divided by 47?
10
What is the remainder when 318590 is divided by 63717?
5
Calculate the remainder when 11878 is divided by 44.
42
What is the remainder when 4838 is divided by 799?
44
Calculate the remainder when 37467 is divided by 82.
75
What is the remainder when 15321 is divided by 194?
189
Calculate the remainder when 7352 is divided by 2449.
5
What is the remainder when 3763 is divided by 1245?
28
What is the remainder when 5383 is divided by 238?
147
What is the remainder when 160525 is divided by 6979?
8
What is the remainder when 418 is divided by 338?
80
What is the remainder when 2305886 is divided by 2365?
11
Calculate the remainder when 10704 is divided by 3492.
228
What is the remainder when 1093 is divided by 1089?
4
What is the remainder when 12569 is divided by 42?
11
Calculate the remainder when 6982 is divided by 316.
30
What is the remainder when 8881 is divided by 2952?
25
What is the remainder when 11430 is divided by 3808?
6
What is the remainder when 243212 is divided by 1815?
2
Calculate the remainder when 1843 is divided by 71.
68
What is the remainder when 13661 is divided by 6039?
1583
What is the remainder when 78345 is divided by 39168?
9
Calculate the remainder when 2591 is divided by 1.
0
Calculate the remainder when 4499 is divided by 1122.
11
Calculate the remainder when 211426 is divided by 573.
562
Calculate the remainder when 94853 is divided by 799.
571
Calculate the remainder when 2174728 is divided by 1703.
1700
Calculate the remainder when 26859 is divided by 725.
34
Calculate the remainder when 124654 is divided by 371.
369
What is the remainder when 23027 is divided by 7?
4
Calculate the remainder when 62267 is divided by 782.
489
Calculate the remainder when 11253 is divided by 7.
4
What is the remainder when 9129 is divided by 569?
25
Calculate the remainder when 20010 is divided by 3322.
78
Calculate the remainder when 6074 is divided by 124.
122
What is the remainder when 45407 is divided by 45?
2
Calculate the remainder when 278633 is divided by 14.
5
Calculate the remainder when 5808 is divided by 1865.
213
Calculate the remainder when 31925 is divided by 900.
425
Calculate the remainder when 8770 is divided by 2613.
931
Calculate the remainder when 6132 is divided by 1890.
462
What is the remainder when 1811 is divided by 894?
23
Calculate the remainder when 1573 is divided by 220.
33
What is the remainder when 17425500 is divided by 109?
106
What is the remainder when 14911 is divided by 64?
63
What is the remainder when 31245 is divided by 244?
13
What is the remainder when 106681 is divided by 1173?
1111
Calculate the remainder when 3863 is divided by 1655.
553
Calculate the remainder when 38664 is divided by 6436.
48
What is the remainder when 521694 is divided by 548?
546
Calculate the remainder when 4665 is divided by 1619.
1427
What is the remainder when 3422 is divided by 427?
6
Calculate the remainder when 8948249 is divided by 123.
122
What is the remainder when 239874 is divided by 28?
26
Calculate the remainder when 39874 is divided by 3067.
3
Calculate the remainder when 4083 is divided by 503.
59
Calculate the remainder when 17626 is divided by 26.
24
Calculate the remainder when 46077 is divided by 339.
312
Calculate the remainder when 62291 is divided by 87.
86
Calculate the remainder when 3797 is divided by 87.
56
Calculate the remainder when 2226 is divided by 532.
98
Calculate the remainder when 125910 is divided by 37.
36
Calculate the remainder when 12769 is divided by 12757.
12
Calculate the remainder when 2129 is divided by 626.
251
Calculate the remainder when 40587 is divided by 22.
19
What is the remainder when 8123 is divided by 262?
1
Calculate the remainder when 739215 is divided by 1021.
11
What is the remainder when 20868 is divided by 174?
162
What is the remainder when 89313 is divided by 19?
13
What is the remainder when 106489 is divided by 59?
53
Calculate the remainder when 174745 is divided by 21840.
25
Calculate the remainder when 24811 is divided by 47.
42
What is the remainder when 9660 is divided by 4383?
894
Calculate the remainder when 2845 is divided by 285.
280
What is the remainder when 6442 is divided by 101?
79
Calculate the remainder when 373180 is divided by 83.
12
What is the remainder when 4210 is divided by 43?
39
What is the remainder when 2105 is divided by 2086?
19
What is the remainder when 7245527 is divided by 5?
2
Calculate the remainder when 113351 is divided by 423.
410
What is the remainder when 1531795 is divided by 411?
409
Calculate the remainder when 1312576 is divided by 22247.
3
Calculate the remainder when 1400418 is divided by 46.
40
Calculate the remainder when 2083 is divided by 163.
127
Calculate the remainder when 867 is divided by 50.
17
Calculate the remainder when 732 is divided by 175.
32
Calculate the remainder when 1837 is divided by 161.
66
What is th